{"id":58,"date":"2024-02-12T12:10:45","date_gmt":"2024-02-12T11:10:45","guid":{"rendered":"https:\/\/nelixirgroup.com\/?post_type=product&#038;p=58"},"modified":"2025-03-10T22:25:30","modified_gmt":"2025-03-10T21:25:30","slug":"red-lady","status":"publish","type":"product","link":"https:\/\/nelixirgroup.com\/index.php\/product\/red-lady\/","title":{"rendered":"RED LADY"},"content":{"rendered":"<p>Le bissap rouge est une boisson traditionnelle africaine tr\u00e8s populaire dans de nombreux pays. C&rsquo;est une infusion \u00e0 base de fleurs d&rsquo;hibiscus s\u00e9ch\u00e9es qui lui donne une couleur rouge intense et une saveur acidul\u00e9e. Cette boisson est souvent consomm\u00e9e froide et sucr\u00e9e, ce qui la rend rafra\u00eechissante et d\u00e9salt\u00e9rante en p\u00e9riode de chaleur. Le bissap rouge est \u00e9galement r\u00e9put\u00e9 pour ses propri\u00e9t\u00e9s b\u00e9n\u00e9fiques pour la sant\u00e9. Il est riche en vitamine C et en antioxydants, ce qui en fait un excellent alli\u00e9 pour renforcer le syst\u00e8me immunitaire. De plus, cette boisson est naturellement sans caf\u00e9ine, ce qui en fait une alternative saine aux boissons \u00e9nergisantes. Le bissap rouge est donc non seulement d\u00e9licieux, mais aussi bon pour la sant\u00e9.<\/p>\n<p>Pour toute commande de boissons en grande quantit\u00e9, veuillez soumettre votre demande sur la page <a href=\"https:\/\/nelixirgroup.com\/index.php\/contact\/\">Contact<\/a>.<\/p>\n","protected":false},"excerpt":{"rendered":"<p>Un d\u00e9licieuse infusion d\u2019hibiscus rouge, de menthe et de citron qui vous transportera imm\u00e9diatement sur le continent Africain.<\/p>\n","protected":false},"featured_media":1510,"comment_status":"open","ping_status":"closed","template":"","meta":[],"product_brand":[],"product_cat":[22],"product_tag":[],"class_list":{"0":"post-58","1":"product","2":"type-product","3":"status-publish","4":"has-post-thumbnail","6":"product_cat-boissons","8":"first","9":"onbackorder","10":"taxable","11":"shipping-taxable","12":"purchasable","13":"product-type-simple"},"aioseo_notices":[],"jetpack_sharing_enabled":true,"_links":{"self":[{"href":"https:\/\/nelixirgroup.com\/index.php\/wp-json\/wp\/v2\/product\/58"}],"collection":[{"href":"https:\/\/nelixirgroup.com\/index.php\/wp-json\/wp\/v2\/product"}],"about":[{"href":"https:\/\/nelixirgroup.com\/index.php\/wp-json\/wp\/v2\/types\/product"}],"replies":[{"embeddable":true,"href":"https:\/\/nelixirgroup.com\/index.php\/wp-json\/wp\/v2\/comments?post=58"}],"version-history":[{"count":4,"href":"https:\/\/nelixirgroup.com\/index.php\/wp-json\/wp\/v2\/product\/58\/revisions"}],"predecessor-version":[{"id":1565,"href":"https:\/\/nelixirgroup.com\/index.php\/wp-json\/wp\/v2\/product\/58\/revisions\/1565"}],"wp:featuredmedia":[{"embeddable":true,"href":"https:\/\/nelixirgroup.com\/index.php\/wp-json\/wp\/v2\/media\/1510"}],"wp:attachment":[{"href":"https:\/\/nelixirgroup.com\/index.php\/wp-json\/wp\/v2\/media?parent=58"}],"wp:term":[{"taxonomy":"product_brand","embeddable":true,"href":"https:\/\/nelixirgroup.com\/index.php\/wp-json\/wp\/v2\/product_brand?post=58"},{"taxonomy":"product_cat","embeddable":true,"href":"https:\/\/nelixirgroup.com\/index.php\/wp-json\/wp\/v2\/product_cat?post=58"},{"taxonomy":"product_tag","embeddable":true,"href":"https:\/\/nelixirgroup.com\/index.php\/wp-json\/wp\/v2\/product_tag?post=58"}],"curies":[{"name":"wp","href":"https:\/\/api.w.org\/{rel}","templated":true}]}}