{"id":69,"date":"2024-02-12T13:16:24","date_gmt":"2024-02-12T12:16:24","guid":{"rendered":"https:\/\/nelixirgroup.com\/?post_type=product&#038;p=69"},"modified":"2025-03-11T22:14:14","modified_gmt":"2025-03-11T21:14:14","slug":"box-ginger","status":"publish","type":"product","link":"https:\/\/nelixirgroup.com\/index.php\/product\/box-ginger\/","title":{"rendered":"BOX GINGER"},"content":{"rendered":"<p dir=\"ltr\">La box NELIXIR est le kit qui vous permet de r\u00e9aliser vous-m\u00eame les meilleures boissons du monde.<\/p>\n<p dir=\"ltr\">D\u00e9couvrez et faites d\u00e9couvrir, \u00e0 vos convives, vos amis ou encore vos enfants, l\u2019art des meilleurs\u00a0 breuvages d\u2019ici et d\u2019ailleurs avec des mati\u00e8res premi\u00e8res de premier choix. Les recettes des box NELIXIR, sont ludiques et simples \u00e0 r\u00e9aliser.\u00a0Selon vos go\u00fbts et votre sensibilit\u00e9, vous pouvez ajuster le sucre dans votre boisson.<\/p>\n<p dir=\"ltr\">Le livret de pr\u00e9paration est rempli de richesses.<\/p>\n<ul>\n<li dir=\"ltr\">\n<p dir=\"ltr\" role=\"presentation\">Il vous accompagne pas \u00e0 pas dans l\u2019\u00e9laboration de la recette.<\/p>\n<\/li>\n<li dir=\"ltr\">\n<p dir=\"ltr\" role=\"presentation\">Il vous donne des petits secrets pour une pr\u00e9paration de chef<\/p>\n<\/li>\n<li dir=\"ltr\">\n<p dir=\"ltr\" role=\"presentation\">Il d\u00e9taille les bienfaits nutritifs des aliments de la box. Oui, chez Nelixir on est convaincu que l\u2019on peut se r\u00e9galer sans nuire \u00e0 notre sant\u00e9.<\/p>\n<\/li>\n<\/ul>\n<p dir=\"ltr\">La Nelixir Box Gingembre est le kit complet pour r\u00e9aliser vous m\u00eame votre Ginger Ale ou votre Ginger Beer.\u00a0P\u00e9tillantes, \u00e9pic\u00e9es et savoureuses,\u00a0 ces boissons \u00e0 base de gingembre viennent tout droit de la Jama\u00efque.<\/p>\n<p dir=\"ltr\">C\u2019est un incontournable de l\u2019\u00e9t\u00e9, \u00e0 boire seul, en cocktail ou en mocktail c\u2019est juste un r\u00e9gal.<\/p>\n<p dir=\"ltr\">Nelixir Box, \u00e0 vous de jouer!<\/p>\n","protected":false},"excerpt":{"rendered":"<p>R\u00e9aliser vous-m\u00eame des boissons savoureuses , d\u00e9licieuse, embl\u00e9matique d\u2019Afrique de l\u2019ouest.<\/p>\n","protected":false},"featured_media":70,"comment_status":"open","ping_status":"closed","template":"","meta":[],"product_brand":[],"product_cat":[23],"product_tag":[],"class_list":{"0":"post-69","1":"product","2":"type-product","3":"status-publish","4":"has-post-thumbnail","6":"product_cat-boxes-diy","8":"first","9":"instock","10":"taxable","11":"shipping-taxable","12":"purchasable","13":"product-type-simple"},"aioseo_notices":[],"jetpack_sharing_enabled":true,"_links":{"self":[{"href":"https:\/\/nelixirgroup.com\/index.php\/wp-json\/wp\/v2\/product\/69"}],"collection":[{"href":"https:\/\/nelixirgroup.com\/index.php\/wp-json\/wp\/v2\/product"}],"about":[{"href":"https:\/\/nelixirgroup.com\/index.php\/wp-json\/wp\/v2\/types\/product"}],"replies":[{"embeddable":true,"href":"https:\/\/nelixirgroup.com\/index.php\/wp-json\/wp\/v2\/comments?post=69"}],"version-history":[{"count":4,"href":"https:\/\/nelixirgroup.com\/index.php\/wp-json\/wp\/v2\/product\/69\/revisions"}],"predecessor-version":[{"id":1584,"href":"https:\/\/nelixirgroup.com\/index.php\/wp-json\/wp\/v2\/product\/69\/revisions\/1584"}],"wp:featuredmedia":[{"embeddable":true,"href":"https:\/\/nelixirgroup.com\/index.php\/wp-json\/wp\/v2\/media\/70"}],"wp:attachment":[{"href":"https:\/\/nelixirgroup.com\/index.php\/wp-json\/wp\/v2\/media?parent=69"}],"wp:term":[{"taxonomy":"product_brand","embeddable":true,"href":"https:\/\/nelixirgroup.com\/index.php\/wp-json\/wp\/v2\/product_brand?post=69"},{"taxonomy":"product_cat","embeddable":true,"href":"https:\/\/nelixirgroup.com\/index.php\/wp-json\/wp\/v2\/product_cat?post=69"},{"taxonomy":"product_tag","embeddable":true,"href":"https:\/\/nelixirgroup.com\/index.php\/wp-json\/wp\/v2\/product_tag?post=69"}],"curies":[{"name":"wp","href":"https:\/\/api.w.org\/{rel}","templated":true}]}}